Let r be 3*(2 - (2 + d)). What is the units digit of 2*-1 - 12/r?
2
What is the units digit of (-4)/(-6)*-3 + 9?
7
Let r(d) = d**2 + 4*d - 2. Let g be r(-5). Suppose g*y + 2*v - 12 = 0, -4*y + 11 = 4*v - 9. What is the units digit of y?
2
Let u(s) = s - 4*s + 3*s**2 - 2*s**2. What is the units digit of u(4)?
4
Let g(n) = n + 14. Let w be g(-14). What is the units digit of -2 + w + 3 + 1?
2
Let l(y) = y**2 - 11*y - 2. Let w(i) = i. Let c(t) = l(t) + 6*w(t). What is the units digit of c(9)?
4
Let n(j) = j**2 - 6*j - 4. Let r be n(7). What is the units digit of 9 + (0/r - -1)?
0
Let z = 44 + 103. What is the units digit of z?
7
Let g(m) = -7 + 9 - 2 + 11*m. What is the tens digit of g(2)?
2
Let c(s) = -s**3 + 6*s**2 - 4*s + 1. Let a be c(5). Let w = 0 - a. What is the units digit of (-2 + -4)/(4/w)?
9
What is the tens digit of 28/(-182) + (-7778)/(-26)?
9
Suppose 3*a + 19 = -3*y + 61, 2*a - 79 = -5*y. Suppose y - 5 = 3*j. Suppose j*x + 26 = 2*u, -5*u + 7*x + 37 = 4*x. What is the units digit of u?
5
Let f be 4/(-6)*(-9)/6. Let r = 3 - f. Let z = r + 3. What is the units digit of z?
5
Suppose -d + 75 = -0*d + 3*q, 0 = -5*d + q + 423. What is the units digit of d?
4
Let l(a) = 9*a**2 - 1. Let z be l(-1). Let t = z + -14. What is the units digit of (52/6)/(t/(-9))?
3
Suppose 4*r + 22 = u - 0, 3*r + 17 = u. Let h = u - -3. Suppose -h*b = 5*d - 45, -66 = -4*b + 2*d - 0*d. What is the units digit of b?
4
Let d = -6 - -19. Suppose d*g = 8*g + 120. What is the units digit of g?
4
Let f = -12 - -14. Suppose -n - q = 3*q - 22, f*q = n - 40. What is the tens digit of n?
3
Let w(c) = 4*c**2 + c + 2. Let p(h) = 8*h**2 + h + 4. Let v(b) = -2*p(b) + 5*w(b). Let g be v(-2). What is the units digit of (-4)/(-6) + g/9?
2
Let r be (-8)/(-2) + 6*1. Suppose 45 = p + r. What is the units digit of p?
5
Suppose -28*p + 23*p = -700. What is the units digit of p?
0
Suppose 5*s + 0*n - n = 56, 18 = 2*s + 4*n. What is the tens digit of s?
1
Let z(x) = x + 14. What is the units digit of z(-5)?
9
Let o(y) = -5*y - 5. Let f be (-1)/2 - 121/22. What is the units digit of o(f)?
5
Let n be (0 - -4) + (-1)/(-1). Suppose -n*x + 42 - 2 = 0. What is the units digit of x?
8
Let m(n) be the third derivative of n**6/120 - n**5/10 - n**4/3 + n**3/3 + 2*n**2. Let o be m(7). Let h(v) = -v - 1. What is the units digit of h(o)?
4
Suppose -3*x = -0*x - 210. Suppose -3*t = t - 2*c - x, -5*t + 4*c + 83 = 0. Let y = t - 10. What is the units digit of y?
9
Suppose -3 = -k - 6. Let p = -1 - k. What is the units digit of 11*(p + 1 + -2)?
1
Suppose 0 = 5*u - 4 - 6. Suppose 0*h + u*h = 8. Suppose -4*b + 12 = -p - h, 3*p = -2*b + 8. What is the units digit of b?
4
Suppose -v - 4*f + 14 = 0, -3*f = 2*v - 5*v + 72. What is the tens digit of v?
2
Let j(m) = -103*m - 10. What is the tens digit of j(-1)?
9
Let h = 26 - 8. What is the tens digit of h?
1
Let f(u) = 4*u + 4. Let z be f(-2). What is the units digit of 44 - -2*z/(-8)?
5
Let i(q) = q - 6. Let l be i(6). Suppose 3*c + 7 = 3*t - 26, 4*t - 5*c - 43 = l. What is the units digit of t?
2
Suppose -j = -2*j + 27. What is the tens digit of j?
2
Let r = -320 + 448. What is the hundreds digit of r?
1
Let h be 0 - (18 + -1)/1. Let m = 1 - h. What is the tens digit of m?
1
Suppose -2*a = -27 - 147. What is the units digit of a?
7
Let g(t) = t**2 - 7*t - 6. Let a be g(8). Suppose 0 = -4*k + a*h + 18, 2 = -3*h - 7. What is the units digit of k?
3
Let m(a) = a**2 + 6*a - 4. Let b be m(-7). Suppose -6*y + 120 = -y. Suppose -b*r - 3 = -y. What is the units digit of r?
7
Suppose -2*m + 5*l + 149 = 0, 4*m - 5*l - 99 - 204 = 0. What is the tens digit of m?
7
Let b(r) = -r**3 + 12*r**2 + 2*r + 32. What is the units digit of b(11)?
5
Let n(z) = -z**3 + 13*z**2 - 7*z + 6. What is the units digit of n(11)?
1
What is the tens digit of (4 - -332)/7 - 2*-1?
5
What is the tens digit of (86/4)/(11/22)?
4
Let a = 7 - 7. Suppose -g - 16 = -b, -b - 3*g + 3 - 7 = a. What is the tens digit of b?
1
Let b be 3 + -6 + (2 - 0). Let a = b + 4. Suppose a*n = 26 + 37. What is the units digit of n?
1
Let f = -68 - -124. What is the tens digit of f?
5
Suppose 3*z + 12 = -3, 0 = -r + 3*z + 55. What is the units digit of r?
0
Let d = 17 + -9. Suppose w - 3*w + d = 0. What is the units digit of w?
4
Let j = 24 - 9. What is the tens digit of j?
1
Suppose 3*h + 3*k = 6*h + 3, -2*h + 19 = 5*k. What is the tens digit of 72/5 - h/5?
1
Suppose 4*v - 111 - 77 = -5*z, -3*z - 156 = -4*v. What is the units digit of v?
2
Let q = 163 - 51. What is the units digit of q?
2
Suppose 0 = -4*k + 214 - 70. What is the tens digit of k?
3
Let i be -7 - 1*2/(-1). Let d(u) = u + 7. Let h be d(i). Suppose 0*z = -3*r + z + 31, 0 = 3*r + h*z - 46. What is the tens digit of r?
1
Let z(h) = 0*h - 8 + h + 0*h + 9. What is the units digit of z(7)?
8
Let v be (-8)/28*(-7 - 0). Suppose v*a + 2*a = 0. Suppose 0 = -5*w + 65 - a. What is the tens digit of w?
1
Suppose -2*r - 7 = -3. Let p(d) = -2*d + 5. Let z(x) = -x + 4. Let n(l) = 5*p(l) - 6*z(l). What is the units digit of n(r)?
9
Let l(f) = -f**2 - 4*f + 3. Let d be l(-4). Let j = d + 2. What is the units digit of j?
5
What is the tens digit of (2/2 - 0)*218?
1
Suppose 19 = r - 2*c + 4*c, 3*r - 5*c - 68 = 0. Suppose -3*i + r = 2*l, -2*l = 2*i + 3*i - 15. What is the units digit of l?
5
Suppose -p - 3*u + 37 = 2*u, 0 = -3*p + 2*u + 111. What is the units digit of p?
7
Let i(f) = -2*f**3 - 4*f**2 - 4*f - 2. Let s be i(-2). What is the units digit of s/10 - 171/(-15)?
2
Let x = 65 - 18. What is the units digit of x?
7
Suppose -3*j + 23 = 2*q - 0*j, -5*q + j = -15. Suppose -2*c - q*y + 21 = y, -y = 3*c - 38. What is the tens digit of c?
1
Let l be 4/30 + 708/90. Suppose l*s - 3*s = 185. What is the tens digit of s?
3
Suppose -3*y = 2*y. Suppose y = -5*p - 5*j, 2 = p - 3*j - 18. Let b = p - -6. What is the units digit of b?
1
Let t be (2 + -6)*(-1)/2. Suppose 0 = -3*a - 2*f - 11, f = -3*a + t - 15. Let g(h) = -h + 1. What is the units digit of g(a)?
6
Let m = -9 + 13. Suppose 80 = 4*g + 4*q, 7*q = -g + m*q + 24. What is the tens digit of g?
1
Suppose -12 = -j + l, j + l - 33 = -j. What is the tens digit of j?
1
Suppose 0*p + 450 = 5*p. Suppose -4*c + 7*c = p. What is the units digit of c?
0
Let j(r) = 2*r**2. Let a be j(1). Suppose -4*v - 5*f - 85 = 0, 40 = -a*v + v - 5*f. What is the units digit of (6/v)/((-1)/5)?
2
Let o = 7 - 5. Let b be o/(1 - 3/6). Suppose -2*q - 20 = -b*q. What is the units digit of q?
0
Suppose u + 9 = 5*w - 19, -5*u - 4*w - 111 = 0. Let q = u + 58. What is the tens digit of q?
3
What is the units digit of ((-39)/12)/(1/(-12))?
9
Let f = -42 - -113. What is the tens digit of f?
7
Let v(n) = 20*n**2 + 6*n + 4. What is the tens digit of v(-3)?
6
Let h be -93 + (-4 - 3/(-1)). Let o = -36 - h. What is the units digit of o?
8
What is the units digit of 82/(-5)*35/(-14)?
1
Let p = 20 - 15. What is the units digit of p?
5
Let i(v) = -v - 1. Let l be i(-1). Suppose l = 4*d - 0*d - 64. What is the units digit of d?
6
Let o = 2 - -2. Suppose -3*s - h + 14 = 0, 0 = o*s + 5*h + 15 - 52. Let n = s + 3. What is the units digit of n?
6
Let g = 121 + 2. What is the hundreds digit of g?
1
Let r = 208 + 69. What is the units digit of r?
7
Let f = 52 - 21. Let i = 53 - f. What is the units digit of i?
2
Let q be (-4)/(-10) - (-44)/(-10). What is the units digit of -2*(3 + -3 + q)?
8
Suppose 3*l - 12 = 0, 1 + 3 = -4*t - l. Let p(o) = o**2. Let i be p(t). Suppose -15 + i = -c. What is the tens digit of c?
1
Suppose k - 1 = 2*z - 3, z = -4*k + 19. Suppose 111 = k*g - g. What is the tens digit of g?
3
Let t = -2 + 8. Suppose 2*x - t = -x. Suppose -3*l + 50 = x*l. What is the tens digit of l?
1
Suppose -3*m - 375 = -8*m. Let c = m + -43. What is the tens digit of c?
3
Suppose -4*j + 4*q + 96 = 0, 3*q = 4*j + j - 130. What is the units digit of j?
9
Suppose -o + 0*o + 17 = 0. What is the tens digit of o?
1
Suppose -y + 5*d + 10 = 4*y, d = 3*y - 6. Suppose -h = -4 - y. What is the units digit of h?
6
Suppose -2*t = -4*h - 28, -2*t + 5*h - 21 = -51. What is the units digit of ((-48)/t)/(9/(-45))?
4
Let z(a) = -a**3 + a**2 + a + 5. Let f(q) = q - 3. Let t be f(3). Let w be z(t). Suppose 3*m - 2*s + s - 12 = 0, 4*m - 16 = w*s. What is the units digit of m?
4
What is the units 